composite number?
True
Is 150581 composite?
True
Is 331 a composite number?
False
Is 66763 a prime number?
True
Is 216158 a composite number?
True
Is 12067 prime?
False
Is 14737 composite?
False
Is 602699 a prime number?
False
Is 8887 a composite number?
False
Is 12703 composite?
False
Is 583 a prime number?
False
Is 5539 prime?
False
Is 23889 prime?
False
Is 4397 composite?
False
Is 79955 prime?
False
Is 13649 prime?
True
Is 46559 a composite number?
False
Is 1325639 a composite number?
True
Is 2579 composite?
False
Is 178979 a prime number?
False
Is 50989 prime?
True
Is 37106 a composite number?
True
Is 26309 a prime number?
True
Is 87149 composite?
False
Is 2226307 composite?
False
Is 31943 composite?
True
Is 255358 a composite number?
True
Is 27771 prime?
False
Is 33443 prime?
False
Is 306599 composite?
True
Is 3989 composite?
False
Is 2705 a prime number?
False
Is 18697 composite?
True
Is 7262 a composite number?
True
Is 4919 a prime number?
True
Is 119027 prime?
True
Is 12869 prime?
False
Is 1117 composite?
False
Is 4283 composite?
False
Is 6229 prime?
True
Is 606289 a prime number?
False
Is 20323 a prime number?
True
Is 462181 a prime number?
True
Is 1782245 a prime number?
False
Is 228073 composite?
True
Is 37571 prime?
True
Is 8191 composite?
False
Is 18397 a prime number?
True
Is 60037 a composite number?
False
Is 154093 a prime number?
False
Is 148549 composite?
False
Is 45161 a prime number?
True
Is 455647 a prime number?
True
Is 7477 a prime number?
True
Is 51231 prime?
False
Is 37717 a composite number?
False
Is 112967 composite?
False
Is 471 prime?
False
Is 75401 prime?
True
Is 17551 a prime number?
True
Is 1379 prime?
False
Is 463693 prime?
True
Is 2513249 a prime number?
True
Is 529681 a prime number?
True
Is 811411 prime?
True
Is 27049 prime?
False
Is 65677 a prime number?
True
Is 198251 a prime number?
True
Is 1243 a composite number?
True
Is 20323 a composite number?
False
Is 848023 prime?
False
Is 45439 a prime number?
True
Is 7499 composite?
False
Is 10798639 a prime number?
True
Is 23207 a prime number?
False
Is 45659 a composite number?
False
Is 78206 a prime number?
False
Is 39683 a composite number?
True
Is 2237 a composite number?
False
Is 671323 composite?
False
Is 29527 a composite number?
False
Is 28895 prime?
False
Is 65737 a prime number?
False
Is 13595 prime?
False
Is 7081 a prime number?
False
Is 4493 composite?
False
Is 70753 a prime number?
True
Is 10111 a prime number?
True
Is 2909221 a prime number?
False
Is 2897 composite?
False
Is 334603 a prime number?
True
Is 257947 composite?
False
Is 27143 a composite number?
False
Is 43313 a prime number?
True
Is 23623 a prime number?
True
Is 292679 prime?
True
Is 3109 a composite number?
False
Is 32749 a prime number?
True
Is 172243 prime?
True
Is 3077 a composite number?
True
Is 28429 prime?
True
Is 3951059 composite?
True
Is 153413 a prime number?
False
Is 13591 a prime number?
True
Is 47597 prime?
False
Is 4751 a composite number?
False
Is 82747 composite?
True
Is 10841 a composite number?
True
Is 553391 composite?
True
Is 80953 prime?
True
Is 767 a composite number?
True
Is 12439 composite?
True
Is 169427 a prime number?
True
Is 5353 composite?
True
Is 209093 a composite number?
True
Is 222551 a prime number?
False
Is 93371 composite?
False
Is 12055 prime?
False
Is 6567307 a composite number?
False
Is 654481 composite?
True
Is 8519 a prime number?
False
Is 57471 composite?
True
Is 14923 prime?
True
Is 5519 a composite number?
False
Is 3337 a prime number?
False
Is 96947 a composite number?
True
Is 319 a prime number?
False
Is 28349 a composite number?
False
Is 1478 prime?
False
Is 120899 a prime number?
True
Is 268357 prime?
False
Is 365543 a prime number?
False
Is 29123 composite?
False
Is 89653 a composite number?
False
Is 2017 a prime number?
True
Is 1241153 a prime number?
False
Is 3109 a prime number?
True
Is 306433 composite?
True
Is 2411 prime?
True
Is 659 composite?
False
Is 699803 a prime number?
False
Is 713 a prime number?
False
Is 9431 composite?
False
Is 252277 composite?
False
Is 76417 a prime number?
False
Is 79031 a prime number?
True
Is 5807 a composite number?
False
Is 45523 a composite number?
False
Is 13451 composite?
False
Is 4303 composite?
True
Is 24082 composite?
True
Is 3173939 a prime number?
False
Is 24169 prime?
True
Is 4225345 a prime number?
False
Is 5961 prime?
False
Is 42739 composite?
True
Is 2818285 prime?
False
Is 32287 a composite number?
True
Is 242338 a prime number?
False
Is 751741 a prime number?
False
Is 263819 composite?
False
Is 11429 composite?
True
Is 1851869 a composite number?
False
Is 117399 a prime number?
False
Is 66307 a prime number?
False
Is 42041 a prime number?
False
Is 32713 composite?
False
Is 54529 a composite number?
True
Is 9553 a composite number?
True
Is 6007 composite?
False
Is 3340705 prime?
False
Is 10969 prime?
False
Is 13603 a composite number?
True
Is 47189 a composite number?
False
Is 209 prime?
False
Is 4271 a composite number?
False
Is 5245 a prime number?
False
Is 929 a composite number?
False
Is 269707 a prime number?
False
Is 334921 prime?
False
Is 8081 a prime number?
True
Is 15397 composite?
True
Is 14995 composite?
True
Is 2935681 a prime number?
False
Is 9301 composite?
True
Is 1889 a prime number?
True
Is 859549 a composite number?
True
Is 144539 composite?
False
Is 558299 prime?
False
Is 17377 prime?
True
Is 12703 a prime number?
True
Is 1014639 composite?
True
Is 4629 a prime number?
False
Is 203369 composite?
True
Is 66737 composite?
True
Is 99971 a prime number?
True
Is 123479 composite?
False
Is 483991 a composite number?
False
Is 300415 composite?
True
Is 18829 composite?
True
Is 61127 a prime number?
False
Is 51873 a composite number?
True
Is 569137 prime?
True
Is 780893 a composite number?
True
Is 1357 prime?
False
Is 24773 a composite number?
True
Is 65319 composite?
True
Is 473893 prime?
False
Is 204169 composite?
True
Is 61331 a composite number?
False
Is 5147 prime?
True
Is 294127 prime?
True
Is 4727 composite?
True
Is 220693 a composite number?
True
Is 157 a prime number?
True
Is 142726 prime?
False
Is 137383 a prime number?
True
Is 271979 a prime number?
False
Is 9033 composite?
True
Is 6907 composite?
False
Is 111091 a prime number?
True
Is 437 a composite number?
True
Is 219439 a composite number?
True
Is 2219 a prime number?
False
Is 613 composite?
False
Is 6016871 a prime number?
False
Is 22177 prime?
False
Is 348101 a prime number?
False
Is 6189 a prime number?
False
Is 45897 a prime number?
False
Is 9173 prime?
True
Is 276761 a prime number?
False
Is 2719 prime?
True
Is 3980605 a prime number?
False
Is 2521 composite?
False
Is 168937 composite?
False
Is 34319 a composite number?
False
Is 1195 composite?
True
Is 70423 prime?
True
Is 93293 prime?
False
Is 138661 a prime number?
True
Is 647687 composite?
False
Is 1552757 a prime number?
True
Is 50341 prime?
True
Is 116333 a composite number?
True
Is 25819 prime?
True
Is 78459 a composite number?
True
Is 3602 a composite number?
True
Is 116651 prime?
False
Is 697 a prime number?
False
Is 8363 composite?
False
Is 991457 composite?
True
Is 11699 a prime number?
True
Is 148637 a prime number?
False
Is 59743 composite?
False
Is 7451 prime?
True
Is 21467 prime?
True
Is 168253 a composite number?
False
Is 86081 composite?
True
Is 460461 a composite number?
True
Is 96973 prime?
True
Is 475039 prime?
False
Is 24643 a composite number?
True
Is 5623 a prime number?
True
Is 74339 prime?
False
Is 1245458 a prime number?
False
Is 27491 prime?
False
Is 24613 composite?
True
Is 375971 a composite number?
False
Is 56051 a composite number?
True
Is 101407 composite?
True
Is 471773 composite?
True
Is 91367 prime?
True
Is 9803 prime?
True
Is 1040641 prime?
False
Is 491 composite?
False
Is 163537 prime?
False
Is 39683 a prime number?
False
Is 12889 a composite number?
False
Is 8047 a composite number?
True
Is 143779 composite?
False
Is 16811 composite?
False
Is 136898 a composite number?
True
Is 38849 a composite number?
True
Is 51713 a prime number?
True
Is 12829 prime?
True
Is 2621551 composite?
False
Is 360993 a prime number?
False
Is 40093 composite?
False
Is 1631 composite?
True
Is 42769 a composite number?
True
Is 3494 a compo